w + 30. What is h(4)?
-26
Let q(m) = m**2 - 9. Determine q(7).
40
Let n(v) = 24*v - 10. What is n(-3)?
-82
Let d(p) = 16*p - 3. What is d(2)?
29
Let f(m) = -m**3 - 8*m**2 - 6*m - 10. Calculate f(-7).
-17
Let i(r) = r**3 - 7*r**2 + 2*r - 1. Calculate i(7).
13
Let k(x) = x**3 - 26*x**2 + 87*x + 11. What is k(22)?
-11
Let h(f) = -f + 8. What is h(-4)?
12
Let s(b) = b**2 - 27*b + 3. Calculate s(22).
-107
Let h(b) = -b**3 + 12*b**2 + 26*b - 20. Give h(14).
-48
Let b(r) = r**2 + 19*r + 2. What is b(-18)?
-16
Let n(f) = -2*f**2 + 64*f - 232. Determine n(28).
-8
Let i(a) = -a**3 - 9*a**2 + 4*a - 12. Give i(-10).
48
Let z(q) = q**3 - 13*q**2 + 31*q - 13. What is z(9)?
-58
Let k(c) = 10*c - 24. Calculate k(3).
6
Let t(p) = p**2 + 11*p - 1. Give t(-8).
-25
Let g(o) = o**3 - 41*o**2 + 78*o - 28. Give g(39).
-28
Let z(p) = 10*p - 20. Determine z(4).
20
Let z(l) = 4*l + 11. Determine z(-2).
3
Let j(g) = -9*g**2 - 13*g + 7. Calculate j(-2).
-3
Let s(i) = 2*i**2 - 22*i + 40. What is s(10)?
20
Let n(q) = -8*q**2 - 1. Determine n(-2).
-33
Let n(r) = -41*r - 327. Give n(-8).
1
Let c(r) = -r + 39. Determine c(12).
27
Let v(b) = -b**3 - 15*b**2 + 14*b - 22. Give v(-16).
10
Let w(v) = -v**2 + 11*v - 3. Calculate w(9).
15
Let g(r) = r - 3. Give g(3).
0
Let x(w) = -2*w**3 - w**2 + 2*w + 7. What is x(0)?
7
Let c(p) = p + 11. What is c(-8)?
3
Let l(n) = 2*n**2 - 4*n + 6. Give l(-4).
54
Let t(z) = -4*z**2 - 7*z + 19. What is t(-4)?
-17
Let f(m) = m**3 + m**2 - 10*m - 18. Determine f(-3).
-6
Let k(z) = 7*z**2 - 92*z + 4. Calculate k(13).
-9
Let c(o) = -o**2 - 6*o - 5. Give c(-5).
0
Let k(f) = -f**3 + 2*f**2 - 2*f + 5. Calculate k(2).
1
Let b(n) = n**2 - 3*n - 13. Calculate b(9).
41
Let y(r) = -2*r**2 - 2*r + 16. What is y(-5)?
-24
Let g(f) = -f**3 - 18*f**2 + 40*f - 15. Give g(-20).
-15
Let m(v) = 2*v**2 + 2*v + 1. Calculate m(2).
13
Let j(v) = v**3 + v**2 + 29. Calculate j(0).
29
Let b(o) = -6*o**2 + 7*o + 4. Determine b(2).
-6
Let d(h) = -h**2 - 9*h + 119. Give d(-16).
7
Let l(t) = -t**3 - 3*t**2 + 7*t + 4. Calculate l(-5).
19
Let t(m) = -4*m + 3. Calculate t(4).
-13
Let y(l) = -6*l - 3. Calculate y(-2).
9
Let n(u) = -u**2 - 15*u - 5. Give n(-15).
-5
Let v(d) = -d**3 - d**2 - d + 1. Determine v(-2).
7
Let h(y) = -8*y + 31. Calculate h(4).
-1
Let v(n) = 13*n - 42. Give v(7).
49
Let s(a) = -16*a**3 + 3*a**2 + 3*a. Calculate s(-2).
134
Let k(r) = -r**3 + 12*r**2 + 12*r + 5. Give k(13).
-8
Let q(l) = 2*l**2 - 7*l - 12. Give q(-5).
73
Let g(c) = -44*c**2 - c. Give g(1).
-45
Let b(j) = -3*j - 13. Determine b(-4).
-1
Let j(w) = -w + 6. What is j(-5)?
11
Let v(g) = 7*g + 59. Determine v(-11).
-18
Let q(l) = 4*l + 35. What is q(0)?
35
Let t(y) = y**3 + 6*y**2 + 7*y - 2. What is t(-6)?
-44
Let i(l) = 17*l**2 + 10*l - 19. Determine i(2).
69
Let q(d) = d**2 - 4*d - 26. What is q(8)?
6
Let g(s) = s - 6. Determine g(-19).
-25
Let t(d) = d + 16. Calculate t(0).
16
Let k(g) = g**2 - 15*g - 36. What is k(17)?
-2
Let j(b) = b**3 + 3*b**2 - b + 6. Give j(-3).
9
Let a(o) = o**3 - 10*o**2 - 3*o + 33. Give a(10).
3
Let w(g) = -g**3 - 6*g**2 + 2*g + 14. What is w(-6)?
2
Let k(z) = 2*z**2 - 14*z - 117. Calculate k(-5).
3
Let a(u) = u**3 - 15*u - 1. What is a(4)?
3
Let p(w) = -24*w - 258. What is p(-11)?
6
Let a(m) = 3*m - 24. Determine a(13).
15
Let t(z) = 2*z**3 - 11*z**2 + 5*z + 5. Calculate t(5).
5
Let o(l) = -19*l + 1. What is o(-1)?
20
Let l(b) = -b**3 - 5*b**2 + 7*b - 2. What is l(-5)?
-37
Let o(n) = n**2 + 8*n + 14. What is o(-5)?
-1
Let u(p) = -5*p**3 - p**2 + 23*p - 23. Calculate u(1).
-6
Let r(d) = 9*d**2 + 2*d - 1. What is r(1)?
10
Let s(j) = 2*j**2 - 26*j - 24. Give s(14).
4
Let n(d) = d**2 + 57*d - 314. What is n(-62)?
-4
Let p(u) = u**3 + u**2 + u + 7. Determine p(0).
7
Let f(b) = -2*b**2 - 19*b + 3. Determine f(-9).
12
Let i(r) = -r**3 + 9*r**2 + 8*r + 12. Determine i(10).
-8
Let h(g) = 3*g**2 + 32*g + 48. What is h(-9)?
3
Let t(k) = k**3 + 17*k**2 + 27*k + 12. Determine t(-15).
57
Let y(h) = -h**2 - 20*h - 24. What is y(-19)?
-5
Let f(u) = 10*u + 180. What is f(-19)?
-10
Let r(t) = t**2 - t - 7. What is r(0)?
-7
Let o(c) = 2*c**2 - 4*c + 5. Determine o(4).
21
Let m(v) = 2*v**3 + 30*v**2 - 34*v + 2. Give m(-16).
34
Let h(n) = -3*n**3 - 91*n**2 - 31*n - 25. Give h(-30).
5
Let o(k) = -5*k - 8. What is o(-5)?
17
Let x(t) = -t - 3. Calculate x(-2).
-1
Let u(p) = p**3 - p + 2. Calculate u(1).
2
Let h(r) = -7*r**2 + 1. Determine h(-1).
-6
Let t(b) = b**3 - 7*b**2 - 9*b + 6. Calculate t(8).
-2
Let y(f) = -f**3 - 10*f**2 + 7*f + 13. Calculate y(-11).
57
Let s(m) = -m**3 - 4*m**2 + 8*m - 2. What is s(-6)?
22
Let z(l) = l**2 + 5*l - 9. Calculate z(-9).
27
Let s(g) = 5*g - 13. Give s(5).
12
Let l(y) = 2*y**2 + 3*y + 1. Give l(-2).
3
Let v(l) = -5*l - 16. Calculate v(-10).
34
Let r(x) = -x**2 + x + 2. Calculate r(-2).
-4
Let b(q) = q**3 + 21*q**2 - 3*q - 33. Give b(-21).
30
Let q(m) = -m**3 + 2*m**2 + m + 12. Give q(6).
-126
Let s(f) = -11*f + 2. Determine s(1).
-9
Let d(g) = -g**3 - 11*g**2 + 10*g + 27. What is d(-12)?
51
Let n(d) = -8*d - 2. Calculate n(-1).
6
Let j(y) = y**3 - y**2 - y + 3. Calculate j(-3).
-30
Let b(o) = -4*o**2 - 4*o - 3. Determine b(-4).
-51
Let b(i) = -3*i**2 - 22*i - 9. Determine b(-6).
15
Let s(k) = 2*k**2 + 25*k + 15. Determine s(-12).
3
Let u(r) = 3*r**3 - 17*r**2 - 19*r + 71. Calculate u(6).
-7
Let o(g) = 2*g**3 - 5*g**2 - 4*g + 5. Determine o(4).
37
Let x(g) = -g**2 + g - 5. Give x(0).
-5
Let v(q) = 12*q - 3. Determine v(1).
9
Let n(b) = -13*b + 12. What is n(-4)?
64
Let p(v) = -v**2 + 14*v - 52. What is p(5)?
-7
Let d(m) = -30*m - 43. Determine d(-1).
-13
Let g(p) = p - 3. Determine g(8).
5
Let m(f) = f**2 + f + 8. Determine m(5).
38
Let d(z) = z**3 + 10*z**2 + 12*z + 13. What is d(-9)?
-14
Let j(y) = -2*y**2 + y - 7. Give j(0).
-7
Let g(u) = -2*u + 32. Determine g(10).
12
Let h(z) = 4*z + 35. Determine h(-8).
3
Let y(i) = -32*i + 27. What is y(1)?
-5
Let j(q) = -4*q**2 - 4*q - 3. Determine j(-2).
-11
Let f(i) = -32*i**2 + 3*i - 5. Calculate f(2).
-127
Let k(q) = 36*q + 33. Give k(-1).
-3
Let c(o) = 5*o - 19. Give c(6).
11
Let b(t) = -10*t + 14. Calculate b(1).
4
Let z(x) = -x**2 + 9*x + 32. Calculate z(-3).
-4
Let x(c) = c**3 + 2*c**2 + c - 2. What is x(2)?
16
Let f(b) = 16*b**3 + 2*b**2 - 1. Calculate f(-1).
-15
Let d(p) = 11*p + 1. What is d(-2)?
-21
Let k(r) = r. What is k(9)?
9
Let y(z) = -2*z**2 + 11*z + 6. Give y(7).
-15
Let o(u) = u**2 + u - 5. Give o(-6).
25
Let h(i) = 20*i + 158. Calculate h(-9).
-22
Let w(z) = z**2 - 7*z - 30. Calculate w(-3).
0
Let l(j) = -2*j - 34. Calculate l(-17).
0
Let o(x) = 2*x - 20. Give o(14).
8
Let a(j) = j**3 + 2*j**2 - 5*j - 1. Calculate a(-4).
-13
Let a(r) = r**2 - 11*r + 25. Calculate a(8).
1
Let j(l) = -3*l - 6. Give j(-5).
9
Let q(n) = 3*n - 130. Determine q(42).
-4
Let i(q) = 45*q - 80. Give i(2).
10
Let z(n) = -n + 2. Give z(7).
-5
Let d(o) = -o - 46. Calculate d(0).
-46
Let i(r) = 2*r - 33. Determine i(22).
11
Let r(t) = 2*t**2 + 5*t - 4. Calculate r(-4).
8
Let s(k) = -2*k**3 + 32*k**2 - 3*k + 16. Calculate s(16).
-32
Let w(l) = -l**3 + 2*l**2 + 5*l. Determine w(5).
-50
Let k(s) = -2*s**2 - 14*s + 1. What is k(-6)?
13
Let h(a) = a**2 - 34. Determine h(4).
-18
Let n(g) = g**3 - 3*g**2 + 6*g - 3. Give n(4).
37
Let r(a) = a**3 - a**2 - 31*a + 13. Calculate r(6).
7
Let x(l) = l**3 + 10*l**2 + 8*l - 12. Give x(-7).
79
Let l(n) = 37*n. Calculate l(-1).
-37
Let t(w) = 22*w - 48. What is t(7)?
106
Let y(x) = x**3 + 17*x**2 + 15*x - 18. What is y(-16)?
-2
Let y(n) = 5*n**2 + 2*n - 19. What is y(-5)?
96
Let c(h) = -22*h + 385. Determine c(18).
-11
Let p(b) = -b**2 + 15*b - 29. Calculate p(13).
-3
Let k(t) = t**3 + t**2 + 2*t + 2. Give k(-1).
0
Let l(v) = -11*v - 11. Give l(-4).
33
Let j(m) = 5*m - 4. Calculate j(18).
86
Let k(u) = -u**2 - 21*u - 50. Give k(-16).
30
Let r(s) = -s**2 - 8*s. Give r(-7).
7
Let n(s) = s**2 + 5*s - 5. What is n(-5)?
-5
Let r(x) = 2*x - 15. Determine r(3).
-9
Let y(h) = 83*h**3 + 2*h - 2. What is y(1)?
83
Let i(o) = -o**3 + o**2 + o - 2. Calculate i(2).
-4
Let z(g) = g**2 - 6*g - 9. Calculate z(7).
-2
Let r(z) = z**2 - 46*z - 28. Give r(46).
-28
Let b(t) = -12*t - 306. Determine b(-25).
-6
Let l(z) = z**2 - 11*z + 24. Calculate l(6).
-6
Let f(h) = h**3 - 5*h**2 + 3*h - 5. Determine f(6).
49
